, 146297
List the prime factors of 209816.
2, 26227
List the prime factors of 3785519.
449, 8431
List the prime factors of 125664.
2, 3, 7, 11, 17
What are the prime factors of 1799681?
13, 23, 463
What are the prime factors of 12233946?
2, 3, 139, 14669
What are the prime factors of 178794?
2, 3, 7, 11, 43
What are the prime factors of 2316554?
2, 97, 11941
List the prime factors of 208019.
7, 29717
List the prime factors of 254664.
2, 3, 131
List the prime factors of 12246635.
5, 2449327
List the prime factors of 650963.
29, 22447
What are the prime factors of 4099274?
2, 523, 3919
What are the prime factors of 33967?
33967
List the prime factors of 279539.
13, 21503
List the prime factors of 2970141.
3, 31, 109, 293
What are the prime factors of 9357824?
2, 7, 373
What are the prime factors of 126027?
3, 11, 19, 67
List the prime factors of 5197446.
2, 3, 32083
List the prime factors of 6292554.
2, 3, 1048759
List the prime factors of 635906.
2, 109, 2917
List the prime factors of 5726248.
2, 11, 65071
What are the prime factors of 1630670?
2, 5, 29, 5623
What are the prime factors of 4179140?
2, 5, 7, 29851
What are the prime factors of 5783032?
2, 797, 907
List the prime factors of 1402888.
2, 175361
List the prime factors of 341623.
341623
What are the prime factors of 722148?
2, 3, 7, 8597
What are the prime factors of 66872?
2, 13, 643
List the prime factors of 37392.
2, 3, 19, 41
What are the prime factors of 200014?
2, 97, 1031
List the prime factors of 140212.
2, 35053
What are the prime factors of 7877887?
2221, 3547
List the prime factors of 399126.
2, 3, 7, 13, 17, 43
What are the prime factors of 4964415?
3, 5, 19, 17419
List the prime factors of 1402098.
2, 3, 233683
List the prime factors of 4453395.
3, 5, 359, 827
List the prime factors of 15151755.
3, 5, 41, 71, 347
List the prime factors of 711875.
5, 17, 67
List the prime factors of 177394.
2, 7, 12671
What are the prime factors of 164038?
2, 7, 11717
List the prime factors of 1670166.
2, 3, 157, 197
What are the prime factors of 69926?
2, 34963
List the prime factors of 149952.
2, 3, 11, 71
What are the prime factors of 973255?
5, 61, 3191
List the prime factors of 470250.
2, 3, 5, 11, 19
What are the prime factors of 3194811?
3, 354979
List the prime factors of 9836948.
2, 11, 17, 13151
What are the prime factors of 3455?
5, 691
What are the prime factors of 1654581?
3, 467, 1181
List the prime factors of 1836978.
2, 3, 11, 13, 2141
What are the prime factors of 9091244?
2, 2272811
List the prime factors of 4555389.
3, 1518463
What are the prime factors of 7280371?
7, 148579
What are the prime factors of 43994?
2, 21997
What are the prime factors of 694640?
2, 5, 19, 457
List the prime factors of 5302054.
2, 31, 85517
What are the prime factors of 6523460?
2, 5, 19, 17167
What are the prime factors of 1356267?
3, 11, 73, 563
List the prime factors of 140448.
2, 3, 7, 11, 19
What are the prime factors of 3420859?
13, 17, 23, 673
What are the prime factors of 7486?
2, 19, 197
What are the prime factors of 11653967?
13, 733, 1223
What are the prime factors of 2819818?
2, 503, 2803
List the prime factors of 27828.
2, 3, 773
List the prime factors of 7897476.
2, 3, 658123
List the prime factors of 749244.
2, 3, 29, 2153
What are the prime factors of 1334242?
2, 7, 13, 7331
What are the prime factors of 8178716?
2, 7, 13, 22469
List the prime factors of 1795151.
1795151
List the prime factors of 151402.
2, 17, 61, 73
What are the prime factors of 15298983?
3, 7, 61, 1327
List the prime factors of 2686636.
2, 563, 1193
What are the prime factors of 1035511?
307, 3373
What are the prime factors of 1619214?
2, 3, 211, 1279
List the prime factors of 702973.
113, 6221
What are the prime factors of 2141186?
2, 19, 29, 67
What are the prime factors of 271161?
3, 11, 83
List the prime factors of 158686.
2, 11, 7213
What are the prime factors of 292056?
2, 3, 43, 283
What are the prime factors of 15105663?
3, 559469
List the prime factors of 81337.
163, 499
What are the prime factors of 166041?
3, 19, 971
What are the prime factors of 31051331?
491, 63241
List the prime factors of 1193062.
2, 13, 45887
What are the prime factors of 322530?
2, 3, 5, 13, 827
List the prime factors of 6282011.
97, 64763
What are the prime factors of 45582?
2, 3, 71, 107
What are the prime factors of 494242?
2, 7, 43, 821
What are the prime factors of 49549?
49549
What are the prime factors of 76370?
2, 5, 7, 1091
List the prime factors of 64970.
2, 5, 73, 89
List the prime factors of 10416113.
10416113
What are the prime factors of 1118661?
3, 281, 1327
List the prime factors of 246944.
2, 7717
What are the prime factors of 382002?
2, 3, 63667
List the prime factors of 537450.
2, 3, 5, 3583
List the prime factors of 412027.
7, 11, 5351
What are the prime factors of 2557193?
107, 23899
List the prime factors of 4396778.
2, 17, 89, 1453
What are the prime factors of 8185139?
8185139
What are the prime factors of 1520408?
2, 190051
What are the prime factors of 278629?
13, 21433
List the prime factors of 501633.
3, 11, 563
List the prime factors of 758423.
19, 179, 223
List the prime factors of 16885.
5, 11, 307
What are the prime factors of 3866603?
13, 43, 6917
List the prime factors of 638752.
2, 19961
What are the prime factors of 168384?
2, 3, 877
What are the prime factors of 2308067?
971, 2377
List the prime factors of 266917.
7, 17, 2243
What are the prime factors of 157420?
2, 5, 17, 463
What are the prime factors of 2770161?
3, 923387
List the prime factors of 401909.
401909
What are the prime factors of 56917?
7, 47, 173
What are the prime factors of 12791975?
5, 7, 67, 1091
What are the prime factors of 9666038?
2, 4833019
What are the prime factors of 199555?
5, 107, 373
What are the prime factors of 120556?
2, 30139
What are the prime factors of 513457?
7, 73351
What are the prime factors of 13220261?
13220261
What are the prime factors of 12387395?
5, 643, 3853
What are the prime factors of 3944015?
5, 37, 21319
List the prime factors of 1989979.
1989979
List the prime factors of 5752018.
2, 17, 169177
What are the prime factors of 215334?
2, 3, 7, 1709
List the prime factors of 16031896.
2, 19, 29, 3637
List the prime factors of 469839.
3, 199, 787
List the prime factors of 1722542.
2, 17, 29, 1747
What are the prime factors of 315355?
5, 59, 1069
List the prime factors of 861900.
2, 3, 5, 13, 17
What are the prime factors of 11296723?
113, 99971
What are the prime factors of 271856?
2, 13, 1307
List the prime factors of 2723706.
2, 3, 17, 23, 43
List the prime factors of 525296.
2, 32831
What are the prime factors of 437497?
437497
List the prime factors of 16849868.
2, 7, 157, 3833
List the prime factors of 28028948.
2, 43, 89, 1831
What are the prime factors of 7313599?
131, 55829
List the prime factors of 282157.
282157
What are the prime factors of 1108424?
2, 349, 397
What are the prime factors of 957177?
3, 13, 101
What are the prime factors of 805696?
2, 12589
What are the prime factors of 122530?
2, 5, 12253
List the prime factors of 136110.
2, 3, 5, 13, 349
What are the prime factors of 1071386?
2, 23, 23291
List the prime factors of 883258.
2, 421, 1049
List the prime factors of 2229762.
2, 3, 371627
What are the prime factors of 419724?
2, 3, 89, 131
List the prime factors of 3376414.
2, 19, 88853
What are the prime factors of 10814630?
2, 5, 293, 3691
List the prime factors of 2076792.
2, 3, 86533
List the prime factors of 9555742.
2, 7, 107, 6379
List the prime factors of 1095517.
67, 83, 197
What are the prime factors of 239951?
19, 73, 173
List the prime factors of 8280262.
2, 61, 67, 1013
List the prime factors of 13501.
23, 587
What are the prime factors of 9265396?
2, 7, 330907
List the prime factors of 2679521.
13, 53, 3889
List the prime factors of 264937.
23, 11519
What are the prime factors of 7891876?
2, 17, 43, 2699
List the prime factors of 28853337.
3, 9617779
List the prime factors of 26936448.
2, 3, 7, 11, 911
List the prime factors of 12133473.
3, 11, 47, 7823
What are the prime factors of 547100?
2, 5, 5471
What are the prime factors of 5485127?
1187, 4621
What are the prime factors of 1559914?
2, 773, 1009
What are the prime factors of 504334?
2, 461, 547
